ate -67 + 65 + 0 - (62 + (-3 - 1)).
-60
0 + -25 + -1640 + 1672 + (-15 - 1)
-9
What is the value of 60 + 29 + -74 - -3?
18
What is -19 + 29 - ((-37 - -30) + -2 + -1)?
20
What is the value of -64 + 2 + -14 + (-13 - -5) + 49 + -16?
-51
What is (-1 - 30) + 29 + 4?
2
What is the value of 80 + (-70 + 66 - 75)?
1
Calculate 1 + (-4 + (-3 - 4) - -17 - -64 - 10).
61
Calculate 0 + 74 + -72 + 42.
44
What is the value of (1 - -91) + -14933 + 14894?
53
Calculate (2 - 9 - 0) + (-11 - -37) + -23 + 68.
64
-4 + -9 + -3 - (-46 - (128 + -131))
27
Evaluate -54 - -64 - -2 - -102.
114
266 - 227 - (1 + 28)
10
Evaluate 20 + -9 + 9 + -6 - (-8 - -19).
3
(-97 - -3) + (-11 - -45) - 27
-87
Evaluate (0 - 2) + 12 - (728 + -678).
-40
54 + 74 + -150 - ((-3 - -1) + 6)
-26
(-91 - -27) + (1 - (0 + 3)) + (-70 - -64)
-72
Calculate 2 + -18 + 339 + -349 + -4 + -21.
-51
30 - ((72 - 31) + 47)
-58
Evaluate -24 - 10 - (-3 + 24 + -54).
-1
What is the value of -46 - -10 - -125 - 36?
53
Evaluate (0 - (-15 + 35)) + (0 - -11).
-9
What is -61 - (-2 - 3 - (-19 + 15 + -11))?
-71
Evaluate (11 - (18 + -8)) + -11 - (11 - -7).
-28
Evaluate 12 + (-33 - -12) + -11 - (2 - -2).
-24
Evaluate 82 - ((88 - -1) + -85).
78
What is -18 + -16 + 12 + -24 + -24?
-70
Evaluate -11 - ((1 - 27) + 322 + -335).
28
23 + -39 + 30 + 39
53
What is the value of (19 - (-6 - -3)) + (-713 - -731)?
40
Calculate 77 - (-96 - -176) - (-3 + -5).
5
What is -1043 + 1112 + (-59 - -3) - (16 + -1)?
-2
What is the value of 7 - (-8 + (6 - (-14 - -14 - -51) - -15))?
45
What is (-71 - (-45 - -55)) + 46?
-35
Calculate -23 + (18 - (-5 - -12)) + (-43 - -7).
-48
Calculate 5 - (-3 + -5 + (-10 - 0)).
23
Evaluate (3 - (-3 - 3)) + -1 + (8 - -22 - 21).
17
What is -7 - (6 + (9 - -4) + -50)?
24
Evaluate -144 + 115 + (2 - -73).
46
What is the value of (-3 - (-6 - -2) - -22) + 23 + -19 + -14?
13
What is -41 - -3 - (-37 - -4 - -39)?
-44
What is -6 + 41 + (-61 - 6) - (0 + -6)?
-26
(-189 + 93 - -96) + (1 - -1) + -59
-57
99 + -20 + -7 - 31
41
503 + -562 - (-1 - 5) - ((-1 - 12) + 2)
-42
What is the value of -10 + ((12 - 14) + -13 - -11) + 30?
16
-11404 + 11507 - (2 + 233)
-132
Calculate 41 + 1 + (-223 - -211).
30
Calculate 0 + -11 + 1 + 4 - 29.
-35
What is (0 - -10) + 478 + -479?
9
What is the value of -80 + (-30 + 95 - 32)?
-47
Evaluate 2 - 3 - (-2 + 9) - (2286 - 2325).
31
Calculate 54 + (88 - (-7 - (-78 - -32))).
103
What is the value of -85 + (48 - 25 - (7 + -1) - 2)?
-70
17 + 4 + -11 - 43 - -28
-5
What is the value of 7 + -47 - (-11 - -7 - -35)?
-71
-24 - (-20 + -14 - -94 - 34)
-50
What is 1 + -1 + 5 + 6 + -42 + -2?
-33
What is the value of 1 + 18 - (-108 + 27 + 47)?
53
Calculate (24 - 53) + -27 + 63 + -19.
-12
What is the value of -30 + -23 + 260 + -102?
105
What is the value of 5 + (4 - (3 - 5)) + 40 + -21?
30
What is the value of -55 + -3 - ((38 - 40) + 2 + 1 + -2)?
-57
What is -87 + 75 + (4 + -10 - -5) + 2 + -9?
-20
Evaluate (-224 + 20 - -141) + 1 + -11.
-73
Calculate 164 + -65 - 80 - (33 + 2).
-16
Evaluate -1230 + 1199 - (-3 - -21).
-49
-31 + 30 + (4 - (-6 - (0 - (1 - 6))))
14
(22 - (-45 - -113)) + 71
25
Calculate 9 - (2 + -1 + -1) - ((-118 - -188) + 18).
-79
What is the value of (6 - ((23 - -4) + -32)) + 74?
85
Evaluate 27 + (7 - (-5 + (0 - -7))).
32
What is (-29 - -73) + -41 - (4 + -3 + -14)?
16
Evaluate (-405 - -206) + 202 + (-18 - -1).
-14
Evaluate 7 + (-10 - 0) - 0 - -3.
0
14 + (50 - 132) + (2 - 1) - -6
-61
What is the value of (30 - -4 - (-8 + 3)) + 76 + -63?
52
Calculate 1 + -65 + (-22 - (-18 + (19 - 31))).
-56
What is -923 - -977 - (-43 + -1)?
98
Calculate -314 + 122 - -101 - (-9 + (3 - 1 - 3)).
-81
What is 22 + (-17 - -6 - 0) + (-7 - -1) - 50?
-45
What is -13 - (16 - (-15 - -27) - -14)?
-31
-89 + (58 + -27 - (13 - 3))
-68
3 + (-18 - (4 - 5)) - (5 + -12 + 6)
-13
What is 16 + -16 + 10 - (-2 + -5 + 8 - 95)?
104
What is the value of 24 + 12 + -35 - (-12 + -8 + -7)?
28
-5 + (50 - (5 + (9 - 16) + -13))
60
Evaluate (-25 - -25) + -46 - (-2 - -1 - -7).
-52
366 + -329 - (4 + 22)
11
Calculate 70 + (-1 - 1) + -170 + -104 + 269.
63
(-11 - -54) + -43 + (1 - (-23 - -1))
23
Evaluate -9 - (-7 + -30 + (14 + -6 - 19)).
39
What is the value of 15 - -50 - 40 - -2?
27
Calculate -33 + 41 - -9 - (-14 - 85).
116
Calculate (-8 - (-27 + -8)) + -2 + 23.
48
What is the value of -66 - 25 - (-12 + -16 + 13)?
-76
Evaluate 1 - ((9 - -14) + -13 - 5).
-4
What is (-29 - -20) + (0 - -39) + (15 - (11 + -3))?
37
What is the value of (-4 - 1 - (-62 + 54)) + 48 + -46 - -9?
14
Evaluate -10 + 135 + (-189 - -123).
59
(-1360 - -1282) + (1 - -56)
-21
Calculate 81 + -54 + -31 + -2.
-6
Calculate (-44 + -1 - (396 - 420)) + 51.
30
What is -35 - (-8 + 22 + -39) - (3 + -2 - -17)?
-28
What is -10 - (-2 - (26 + -24) - 10)?
4
3 - (-42 - (-67 + -21))
-43
197 - (27 - -154) - (1 - (-1 - (1 - -143)))
-130
Calculate (62 - -64 - 58) + 5 + -20.
53
Calculate 25 + 32 + (35 - 53).
39
Evaluate 43 + -45 - 73 - -38.
-37
14 - (-10 - -8 - -51)
-35
(-7 - 196 - -255) + -2 + (23 - 2)
71
What is the value of -34 + (74 - (27 + -34 - -22))?
25
18 - (3 + 21 + -15 + (-14 - -18))
5
-185 - -252 - (3 + 48)
16
What is 15 + 10 + -11 + 5 + -41 - -39?
17
Calculate -140 - -105 - (5 + -12).
-28
What is (-40 - (42 - 20)) + 125?
63
Evaluate (-5 - (20 - (-4 + 16))) + -12.
-25
What is the value of -19 - 29 - (-31 - 12)?
-5
Evaluate 25 - -48 - 66 - 24.
-17
Evaluate 0 + 13 + -7 + -7 - (-18 + 6).
11
Evaluate -88 + -1 + (168 - 198 - -42).
-77
What is (12 - (27 - (-11 - -20))) + (-14 - 54) + 5?
-69
What is -13 - (-87 - (-9 + (17 - (14 - 6))))?
74
Evaluate (-10 + -4 - -13) + 9 + 10 + -103.
-85
Evaluate 25781 + -25759 + -110 + 2 + 0.
-86
What is (7 - 4) + 12 + -64?
-49
What is -18 + 16 + -3 + 63 + 0 + -2 + 1?
57
What is -36 + (10 - (1 - (-1 - 8))) + 10?
-26
What is the value of (-24 - -117) + -374 + 259?
-22
Calculate -52 + (6 - -41) + 20.
15
Calculate -13 - (-4 - (-44 - (-7 - (-14 + 6)))).
-54
What is (2 - 18) + 181 + -200 - -2?
-33
What is the value of -62 + 111 - (10 + 1)?
38
What is (-25 - -11 - -21) + (-1 + 60 - -2)?
68
What is the value of -2 + 34 + (182 - 122) + -83?
9
What is -3 + 90 + -4 - ((-25 - -14) + 7 + -5)?
92
-8 - (25 - (-27 - -31 - -5))
-24
Calculate 24 + 136 + -14 + -16 + 12.
142
55 - (21 + -3 + (-15 - (6 - 16))) - 8
34
What is the value of -1 + 151 + (11 - 3 - (-11 + 23 - -11))?
135
-2 + (-11 - 0) + (17 - -17 - -18)
39
What is (28 - 202 - -80) + 43?
-51
What is -1 - -10 - ((-23 - -11 - -13) + -95 + 30)?
73
Calculate -30 + (29 - 22) - 10.
-33
What is -21 + (20 + -52 + 10 - -129) - -24?
110
Evaluate -54 - (72 - (279 + -47)).
106
Calculate 30 + -71 + 25 + 15 + 2.
1
What is (-36 - 2) + -3006 + 3111?
67
Calculate 51 - (-57 - (-112 + 51)).
47
Calculate (3 - 15) + (-4 + -6 + 100 - (-29 + 41)).
66
What is the value of (25 + -66 - -22) + -5 + 22?
-2
-14 + 15 - (-9 - (-16 + 32) - -12)
14
Evaluate -117 - (10 - (9 - -54)).
-64
(-1 - -49) + 117 + -169
-4
Calculate 1826 + -1790 - (1 + -70).
105
-118 + 165 + -87 + 2
-38
1 + 0 + (3 - (-6 - -13)) + (-2 - -3)
-2
Calculate 15 + (-29 - (-25 - 24)).
35
(-51 + -40 - -16) + 1 + -15 - -15
-74
Calculate 972 - 990 - (-2 - 17 - 0).
1
Evaluate -2 + -106 + 7 + (19 - -22) + -19 + -21.
-100
Evaluate -60 - (-36 - -45) - 4.
-73
Calculate (-2 - 23) + -2 - (5152 + -5175).
-4
What is the value of (3 - 0 - 39) + (805 - 822)?
-53
Evaluate 0 + 0 - (14 + 8 + -34).
12
Calculate 72 + (-12 - (61 - 17)) - (-1 + 18).
-1
Evaluate (-37 - -1) + (-2 - (5 - -7)) + -49 + 64.
-35
Evaluate -7 + 35 - (-114 - -130).
12
What is (-6 - (-21 - -7)) + 7 - (-7 + 19 - 4)?
7
What is the value of 105 + -93 + -4 + 0 + -4 + 11 + -105?
-90
Evaluate -21 - (8 + (4 - -1) + 23).
-57
What is the value of 0 - (1 + (18 - -2 - (47 - 55)))?
-29
0 + 7 + -1 + (-79 - 15 - -60)
-28
Calculate 2 + 0 + -8 + (0 - -25 - (337 - 315)).
-3
What is 32 + -70 + (-52 - -43)?
-47
Calculate 48 + (25 - (-10 - (10 - 23))).
70
What is the value of -58 + 81 + -84 - -153?
92
What is -2069 - -2062 - (0 + 2 + -1 + 0 + 97)?
-105
-34 + 118 + -66 + 44
62
-7 + -24 + 43 + -18 + -55
-61
What is the value of 5 + 3 - ((30 - 42) + 16) - -19?
23
What is the value of -15 + (-3 - (6 + -20 + 2)) + 26?
20
(55 + -36 - 61) + -22
-64
-58 + -2 - (0 - 0 - 12 - (9570 + -9584))
-62
What is the value of 68 + (-42 - (20 - -50))?
-44
Calculate -19 + 0 - (-3 + -37 + 18 + 7) - 1.
-5
What